r**2 + 7*r + 4. Let w = 53 + -35. Let d be (8/3)/((-12)/w). What is k(d)?
8
Let b(x) = 2*x**3 - 3*x**2 + 5*x + 4. Let l(v) = -v**3 + v**2 - v. Let j(z) = b(z) + 3*l(z). Let p be j(-2). Let r(i) = -i**3 + 7*i**2 + 7*i. Determine r(p).
-8
Let j(u) be the first derivative of -10*u**3/3 - u**2 - 2*u + 13. Calculate j(-2).
-38
Let l(j) = -5*j - 3. Let x(g) = -2*g**3 - 15*g**2 + 13*g + 36. Let o be x(-8). Give l(o).
17
Let g(z) = -z**2 - 7*z + 1. Suppose 5*n + p - 60 = -3*p, -4*p = n - 28. Suppose n*w = 3*w - 30. Determine g(w).
7
Let g(z) = 17*z**2 + 9*z + 77. Let w(t) = 6*t**2 + 3*t + 26. Let u(m) = 3*g(m) - 8*w(m). Let s(x) be the first derivative of u(x). Determine s(-4).
-21
Let h(y) be the second derivative of -y**5/20 - y**4/3 + y**3/3 - 3*y**2/2 - 40*y. Give h(-4).
-11
Let f(v) = 2*v**3 - 48*v**2 - v + 24. Let d be f(24). Let l(a) be the third derivative of a**2 - 1/24*a**4 + d*a + 1/6*a**3 + 0. Determine l(2).
-1
Let v(l) = -7*l**2 - 12*l + 14. Let m(w) = 12*w**2 + 23*w - 26. Let h(a) = -3*m(a) - 5*v(a). Determine h(-8).
16
Let j be (1 - (-6)/(-8))*(-673 + 697). Let w(v) be the third derivative of 1/8*v**4 + 0 - 1/15*v**5 - 14*v**2 - 5/6*v**3 + 0*v - 1/120*v**j. Give w(-5).
5
Suppose 0 = 35*a - 47*a - 84. Let f(t) = t**2 + 8*t + 7. Give f(a).
0
Suppose 2*m - 2 = -0*m. Suppose 0 = a - m - 1. Let o(c) be the first derivative of -c**3/3 - c**2 + 3*c + 26. Calculate o(a).
-5
Suppose -4*v + 23 = 3*u, 3*v + 1 = -2*u + 18. Suppose 8 = -3*c + 2*f - 7, 0 = v*c - 3*f + 25. Let j(b) = -b**3 - 6*b**2 - 6*b - 3. Determine j(c).
2
Let k(n) = -23*n + 5 - 3 + n**2 + 24*n - 2*n**2 - n**2 - 5*n**3. Give k(-2).
32
Let c(s) be the first derivative of -s**3/3 + s**2/2 + 4*s + 207. Calculate c(3).
-2
Let v(c) be the third derivative of c**4/24 - c**3/2 - 11*c**2. Suppose 3*r = 3*d + 8*r + 28, 0 = -4*d - 2*r - 28. Determine v(d).
-9
Let m be (-10)/(-5) - 8 - -2. Let i(s) = 5*s - 4. Let u(q) = 4*q - 4. Let p(a) = m*u(a) + 3*i(a). Calculate p(7).
-3
Let h be 44/2*((-27)/(-18))/(-3). Let d(o) = o**2 + 9*o - 6. Determine d(h).
16
Let d(j) = 7*j**2 + 2*j - 2. Let q be -8 + 8 - ((-12)/1 - 2). Suppose 5*g = q*g + 18. Give d(g).
22
Suppose -s + 4*w - 2 = -8, 8 = s - 5*w. Let o = 4 - s. Let a(c) = c**3 - 6*c**2 + 2*c - 9. What is a(o)?
3
Suppose 5*x - 4*r + 2 = 0, 0*x - r - 1 = -2*x. Let n(j) = -j**2 - j**2 + 3*j**x - 2*j**2 + 5*j - 6. What is n(4)?
-2
Let t(i) = i**3 - 4*i - 18*i**2 - 1 + 23*i**2 - 2*i**3 + 0*i**3 + 3. Give t(3).
8
Suppose -2*i = 2*i - 20, 2*i = -2*j - 4. Let x(t) be the third derivative of -t**4/12 - 4*t**3/3 + 3*t**2. Give x(j).
6
Suppose 2*v = 3*z + 1, -101*v - 2*z - 18 = -98*v. Let m(y) = 2*y. Let r be m(1). Let f(n) = -n**3 - 1 + 2*n + 3 - 3*n**r + 2*n. Calculate f(v).
2
Let j be (-18)/(-2)*-1 + -1. Let o = j + 14. Let m(q) = -4*q**2 - 4*q - q**3 + 6*q**3 - 4*q**3 + q**2 + 1. What is m(o)?
1
Let x(t) = -6*t**3 - t**2 + t - 3. Let q(v) = -5*v**3 - 2*v**2 - 2. Let a(w) = 3*q(w) - 2*x(w). Calculate a(-1).
1
Let m(x) = -x**3 - 7*x**2 - x + 6. Suppose 0 = f + 2*b - 17, f + 2 = 2*b + 3. Suppose -3*q - f = -r + 4*r, 3*q - r = -25. What is m(q)?
13
Let m(w) = 1 - 3 + 0 + 3*w**2 + 3 + 0. Determine m(2).
13
Let g = 565 - 565. Let j(p) = -p**2 + 12. What is j(g)?
12
Let h(l) = l**3 - l**2 - 3*l - 2. Suppose -4*i + 13 = -j, -j = -5*i - 5*j + 11. Give h(i).
7
Let j(b) = -b**3 + 8*b**2 + 10*b - 5. Suppose -4*u - 767 = -803. Calculate j(u).
4
Let g(c) = c + 14. Suppose -36 = 3*q + 3*w, -w = -4*q + 4*w - 3. What is g(q)?
7
Let q(b) = b - 7. Let s be q(5). Let o(x) = 6*x**3 - 4*x**2 + 2*x - 2. Let m(i) = 7*i**3 - 5*i**2 + 3*i - 2. Let u(n) = -5*m(n) + 6*o(n). Give u(s).
0
Let g = 7 - 1. Let v(b) be the first derivative of -b**4/24 + b**3/2 - 3*b**2 - 9. Let f(c) be the second derivative of v(c). What is f(g)?
-3
Let p be (20/6 + -3)/(2/(-12)). Let o be -5 + (0 + p + 1)*1. Let i(y) = -y**3 - 6*y**2. Give i(o).
0
Let t(j) = -10*j + 10. Suppose 0*u = 2*u - 2*p - 2, 2*p + 17 = -3*u. Let w(y) = -2*y + 2. Let d(s) = u*t(s) + 14*w(s). Give d(-3).
-8
Let y be 0 + 6/(-1) + (-1)/(-1). Let x(t) = -7*t - 3. Let f(p) = 8*p + 4. Let n(g) = 3*f(g) + 4*x(g). Determine n(y).
20
Let s(m) = -4*m - 7. Let l(j) = 7*j + 14. Suppose 6 = -6*r + 4*r. Let z(y) = r*l(y) - 5*s(y). Calculate z(-5).
-2
Let b(x) = x**3 + x**2 + x + 1. Let c(v) = -2*v - 44. Let l(z) = 23*z + 1. Let n be l(-1). Let t be c(n). Determine b(t).
1
Let q be ((-6)/(-5))/(12/(-880)). Let j = q + 95. Let s(i) = i - 12. Determine s(j).
-5
Let h(g) = 10*g**2 + 5*g**2 + 533 - g**3 - 527 - 14*g. Give h(14).
6
Let k(v) = -5*v - 6. Let m(w) = 2*w + 1. Let s(o) = -k(o) - 3*m(o). Calculate s(8).
-5
Let n(j) = -7*j - 1. Let d(l) = -8*l - 2. Let b(i) = -5*d(i) + 6*n(i). Let u be -12 + 17 - 1/((-2)/2). Determine b(u).
-8
Let t(b) be the first derivative of -b**4/4 + 4*b**3/3 + b**2 - 2*b - 3. Suppose 4*g + 0 = -8. Let f = g + 4. Calculate t(f).
10
Let b(z) = -z**3 + 11*z**2 - 16*z - 18. Let q(d) = d**2 + 4*d + 9. Let x be q(-4). Let u be b(x). Let t(m) = -m**2 + m + 15. What is t(u)?
15
Let a(k) = -k**3 + 12*k**2 + 4*k + 1. Let w(m) = 4*m**3 - 38*m**2 - 11*m - 4. Let v(z) = 7*a(z) + 2*w(z). What is v(-7)?
6
Suppose 0*p = 2*p. Let s = 6 - 4. Let n(r) = 5*r**s - 9*r + p + r**3 + 2*r - 6 + 0*r**2. Give n(-6).
0
Let x(p) be the second derivative of -p**3/3 - p**2 + 3*p. Let g be x(-2). Suppose -4*f + 21 = g*r - r, -2*r - 3 = -f. Let t(k) = k**2 - 3*k - 2. What is t(f)?
8
Suppose -15 = -2*s - 7. Suppose 1 = 3*f - 2. Let k(p) = p + 1 + f - 2. Determine k(s).
4
Let n(a) = -2*a - 38. Suppose -5*l - 70 = -5*x, -2*l - l - 5*x - 66 = 0. Determine n(l).
-4
Let f(q) = q - 1. Let b(d) = d**2 + 2*d. Suppose 3*p + t - 7 = 0, 0*p - 4*t + 13 = -3*p. Let m(i) = p*f(i) + b(i). Calculate m(-4).
3
Suppose -5*g - 8*d = -9*d + 17, -2*g - 3*d = 17. Let z(u) = u**3 + 2*u**2 - 5*u - 2. Give z(g).
-14
Let l(g) = g**2 - g - 1. Let q(x) = -x**2 - 3*x - 3. Let p(f) = -2*l(f) + q(f). Suppose -20 = -z - 11. Suppose 0 = y - 8 + z. Calculate p(y).
-3
Let n(s) be the third derivative of -s**6/120 + 2*s**5/15 - 3*s**4/8 + 5*s**3/2 + 105*s**2. What is n(7)?
1
Suppose -4*k = 3*r + 19, 4 = 3*r - 2*k - 1. Let b(o) = 15*o**3 - 10*o**2 + 2*o. Let u(v) = -22*v**3 + 14*v**2 - 3*v. Let w(c) = 7*b(c) + 5*u(c). What is w(r)?
6
Let p = -20 + 25. Let s be 4/(-20) - (-26)/p. Let m(v) = -6*v**2 - 4 + 6*v**3 + v**2 - s*v**3. Give m(5).
-4
Let f be (-216)/(-40) - (-4)/(-10). Let s(t) = -5*t - 5*t + f*t - 6. Calculate s(-4).
14
Let t(v) = 10*v - 1. Let o be ((-13)/((-39)/6))/2. What is t(o)?
9
Let g(w) = w**3 - 8*w**2 + 7*w + 1. Suppose 5*o + 8 = -m, m = -3*m - 4*o + 16. Let q = m - 0. What is g(q)?
1
Let w(r) = -3*r - 1 - 45*r**2 + 44*r**2 + 3 - 4*r. Determine w(-8).
-6
Let b be ((-8)/(-12))/((-2)/3). Let j(x) = -x - 1. Let z(t) = t + 2. Let m(a) = b*z(a) + j(a). Calculate m(-3).
3
Let h(c) = c**3 + 7*c**2 + 3*c - 3. Suppose -62 + 56 = p. Calculate h(p).
15
Let z(d) = -d**2 - 5*d - 3. Let i(h) = -h**3 - 29*h**2 + 2*h + 64. Let r be i(-29). Let f = 9 - 6. Suppose -3*p - f = r. Calculate z(p).
3
Let t(q) = -q**3 + 3*q**2 + 6*q - 2. Suppose -6*n + 155 = 131. Let m be (-2)/(-8) + (-19)/(-4). Suppose -3*j + 4*f - n = -8*j, -m*j = -f - 24. What is t(j)?
6
Let m(b) = 2*b + 1. Let i be m(-3). Let j be (-3 + 4/2)*(-4 - i). Let k(r) = -r**3 + r**2 + r + 1. Calculate k(j).
2
Let z(x) = -x**3 + 6*x**2 - 6*x + 6. Let r = -7 + 1. Let d be 64/28 - r/(-21). Suppose 0 = 3*o + d*o - 25. Give z(o).
1
Let k(s) = -s**2 + 8*s + 3. Let r = 3 - -2. Suppose -27 = -r*y + 3. Calculate k(y).
15
Let t(n) be the third derivative of n**6/120 + n**5/6 - n**3/3 - 412*n**2. Calculate t(-10).
-2
Suppose 20*h + 3*t + 34 = 24*h, 10 = 5*t. Let c(u) = -u. Give c(h).
-10
Let h be 4/22 - 62/(-22). Let m(f) = -f**3 + 9*f - 6. Calculate m(h).
-6
Let u(g) be the third derivative of g**4/6 + 15*g**2. Suppose 5 + 3 = -2*z. Let d = z + 3. Give u(d).
-4
Let p(t) = -t**3 + 5*t**2 + 7*t - 9. Let g = 83 + -35. Suppose g = 7*s + s. Determine p(s).
-3
Let s(r) = 3 + 0*r**3 - 10*r**3 - r**2 - 2. Let i be (-6)/(-8) + -7*(-2)/56. Give s(i).
-10
Let b(c) = -16*c**2 + 50*c + 85. Let p(z) = 3*z**2 - 10*z - 17. Let f(t) = 2*b(t) + 11*p(t). Give f(11).
-6
Let o(f) = f - 1. Let w(j) = -3*j**2 + 7*j - 6. Let c(i) = -i**3 + 7*i - 5. Let a be c(